 - 7. Suppose -32 + 72 = r*c. Let n(b) = 6*b + 1. Calculate n(c).
31
Let u(w) be the third derivative of w**6/360 - w**5/120 - w**4/6 - 21*w**3/2 + 11*w**2. Let i(j) be the first derivative of u(j). Determine i(4).
8
Let h(p) = -2471*p + 1562 + 2472*p - 1571. Calculate h(9).
0
Let h = -27 - -117. Suppose 0 = 11*p - 145 + h. Let w(f) = 0*f + 4*f + 7 + 2*f**2 - f**2 - 2*f**2. Calculate w(p).
2
Let p(q) = q**3 - 15*q**2 - 5*q + 77. Let g be p(15). Let y(m) = m + 32*m**2 - 35*m**g + 1 - 65*m**3 + 64*m**3. Calculate y(-4).
13
Let x(k) = -k - 9. Let d(j) = j + 8. Let s(h) = -5*d(h) - 4*x(h). Let g(c) = 19*c**3 - 2*c**2 - c + 1. Let t be g(-2). Let z = 147 + t. Determine s(z).
6
Suppose -27*n + 171 + 126 = 0. Suppose -36*g + n = -25*g. Let f(t) = -2*t - 1. Determine f(g).
-3
Let p be ((-6)/(-4))/((-26)/(-4) - 6). Let j(f) = p*f - 2 + 2*f - 4*f. What is j(-3)?
-5
Let d(n) = -4*n**2 + 106*n - 57. Let b be d(26). Let o = -29 + 32. Let v(g) = -g**o + 23*g - 47*g + 30*g + 3 - 4*g**2. What is v(b)?
-2
Let l(f) = -2*f**3 - 2*f + 3*f**3 - 14*f**2 + 15*f. Suppose -89*c - 15150 + 16307 = 0. Determine l(c).
0
Let k be (2/6)/(2/6). Let x(y) = -7*y - 4. Let h(w) = -2*w + 1 + 7*w + w - 5*w. Let s(v) = k*x(v) + 6*h(v). Give s(2).
0
Let j(g) be the first derivative of g**3/3 - 19*g**2/2 - 26*g - 1159. Calculate j(19).
-26
Let j = -79 - -77. Let i(r) = 4*r + 22. Let o(b) = b + 7. Let u(x) = 5*i(x) - 16*o(x). Give u(j).
-10
Let w(t) = -t**3 - 4*t**2 - 6*t - 3. Let d be w(-3). Let c be 3/d - (-3)/((-18)/3). Let i(r) = 7*r**2 + r + c*r**3 - 6*r**2 - r**3 + 3. Calculate i(0).
3
Let z(q) be the third derivative of 7*q**5/15 + q**4/12 + q**3/6 + 2*q**2. Suppose 0 = -3*k + 17*k - 30 + 44. Calculate z(k).
27
Let j(c) = -2*c**2 - 16*c + 27. Suppose -25*s - 72 = 153. Let i be j(s). Let t(b) = -b**2 + 9*b + 10. Give t(i).
10
Let y(m) = -7*m - 11. Let o(r) = -3*r - 5. Let x(k) = -13*o(k) + 6*y(k). Let f be (-1)/4 + 6 + (-2202)/(-8). Let n = 276 - f. Give x(n).
14
Suppose 5*x - 5*b - 20 = 6*x, -2*x + 3*b + 12 = 0. Suppose 6 = 3*s - 0, -7*p + 2*s - 4 = x. Let m(u) = -u**3 - u**2 - u + 13. Give m(p).
13
Suppose -11*x + 8*x - 2*q = -14, 0 = -x - 2*q + 6. Let y(v) = -11*v**3 - x*v**2 + 19*v**3 + 3*v - 1 - 9*v**3. Give y(-5).
9
Suppose 0 = 2*k - 7 - 1. Suppose -2*a = k*b, -2*b + a = 2*b - 6. Let y(r) = -b - 5*r + 3*r - r. What is y(3)?
-10
Suppose -292 = 174*g + 1100. Let f(j) = 3*j**2 - 5*j - 4*j**2 - 3 - 4*j. What is f(g)?
5
Let c(u) = -u**3 + u**2 + 15*u - 5. Let m(y) = -39*y + 4606. Let k be m(118). Calculate c(k).
7
Let n(v) be the second derivative of -v**3/3 + v**2 - 590*v. Suppose 28 = -j + 29. Calculate n(j).
0
Let t = -567 - -586. Suppose -6*d = u - 11*d + t, 0 = 3*u - 4*d + 2. Let g(x) = 2*x + 4. Determine g(u).
16
Let m(z) = z**2 + 9*z - 8. Let s = -2140 + 2131. Give m(s).
-8
Let h(i) = -17 - 39*i + 2*i + 29*i + 9*i. Let m(d) = -5*d - 3. Let x be m(-2). Determine h(x).
-10
Let l be -67 + 50388/748 + 1 + (-102)/(-22). Let t(v) be the third derivative of v**6/120 - v**5/10 + 5*v**4/24 + 4*v**3/3 - v**2. Determine t(l).
38
Let b(k) = k**3 + 7*k**2 + 3*k + 1. Let o(g) = -2*g**2 + 48*g + 155. Let v be o(-3). What is b(v)?
-20
Let f(k) = 3*k**3 - 42*k**2 - 20*k + 81. Let x(z) = 2*z**3 - 28*z**2 - 12*z + 55. Let m(y) = 5*f(y) - 7*x(y). Suppose 4*r + 4 - 64 = 0. Determine m(r).
5
Suppose -2*b - 2*m + 10 = -b, 0 = -4*b + 3*m - 4. Let q(h) = 22*h. Let z(u) = 17*u. Let a(c) = 3*q(c) - 4*z(c). What is a(b)?
-4
Suppose -5*s + 15 = a, 2*s - 8*a = -5*a - 11. Let n(q) = 1 + 536*q**s - 538*q**2 - 4*q - 5. Determine n(-3).
-10
Let h be 8/(-16) + (-18)/36. Let q(k) = -55*k**2 - k. Calculate q(h).
-54
Let q(a) be the second derivative of -a**5/20 - 7*a**4/12 - 5*a**3/3 - 3*a**2 + a + 16. Give q(-5).
-6
Let o(i) = 5*i**2 + 4*i + 3. Let k(x) = 5*x**2 + 3*x + 2. Let c(z) = 5*k(z) - 4*o(z). Calculate c(-1).
4
Let t(r) be the second derivative of -3*r + 0 + 2*r**2 + 1/3*r**3. Let k be 64/14 + (-10)/(-105)*-6. Give t(k).
12
Let n(s) = -3*s**2 - 19*s - 28. Let o be 30/3*(-25)/50. Let r be n(o). Let f(a) = a + 11. Give f(r).
3
Let n(z) be the first derivative of 12 - 5/2*z**2 + 1/3*z**3 + 0*z. Let v = 503 + -498. Calculate n(v).
0
Let b(f) = -76*f + 1. Let j(y) = 12*y**2 + 2*y - 1. Let t be j(2). Let m(r) = -9*r. Let s(h) = t*m(h) - 6*b(h). Determine s(-5).
9
Let s(l) = 2*l + 9. Let r(z) be the third derivative of -z**6/120 + 11*z**5/60 - z**4/4 - 5*z**3/6 - 15*z**2. Let u be r(10). Let i = -43 + u. Give s(i).
-7
Let s(w) be the first derivative of w**4/24 - w**3/3 - 27*w**2/2 + w - 62. Let y(x) be the second derivative of s(x). Suppose -11 = 2*v + 1. Calculate y(v).
-8
Let v(s) = s**2 + 19*s + 92. Let y be v(-14). Let m(g) = 3 + g**2 + 12*g + 6*g - y*g. Give m(7).
24
Let p(s) = -s**2 - 7*s + 8. Let u(x) = 72*x - 18*x**2 + 507 - 171 - 171 - 171. Let y be u(4). Give p(y).
14
Let q(j) = -7277*j**2 + j - 2 + 14557*j**2 - 7281*j**2. Suppose 0 = -2*h + h + 19. Suppose -g - 3*s + 7 = h, 3*s + 12 = 4*g. Determine q(g).
-2
Let o(m) = -2*m + 4 - 5*m**3 - 5*m**2 + 19*m**3 - 13*m**3 + 2*m**2. Let u(a) = -3*a**3 - 86*a**2 + 27*a - 55. Let q be u(-29). Determine o(q).
-2
Let a(i) = -6*i**3 + 3*i**2 - 3*i + 2. Suppose 28 = 4*s - 64. Suppose -3*m - 40 = -s*m. Calculate a(m).
-40
Let d(p) = p**2 + 18*p - 86. Let n be (-22)/(19/(456/24)). What is d(n)?
2
Let u = -644 - -650. Suppose 127 = -u*g + 151. Let x(o) = o**2 - 5*o + 1. Give x(g).
-3
Let t(r) be the second derivative of -r**3/2 + 5*r**2 + 14*r. Let c be t(2). Let h(l) = -c + l**2 - 4*l**2 + 7*l - l - 5*l. Determine h(3).
-28
Let r(y) = 3*y - 11 - 29*y + 21*y + 3*y. Give r(10).
-31
Let d(t) = -5*t**3 - 3*t**2 - t + 5. Let u(x) = -4*x**3 - 3*x**2 + 4. Let z(m) = 3*d(m) - 4*u(m). Let n = -18126 - -18123. What is z(n)?
8
Let h be (-36)/2*(6/4 + -2). Let g(q) = -q**2 + 10*q - 18. Let b be g(h). Let w(i) = 2*i + 10. What is w(b)?
-8
Let m(h) = h**3 + h**2 - 24. Let q be m(0). Let t be ((-5)/(-2)*-1)/((-12)/q). Let p(v) = 3. Let b(z) = z - 2. Let s(u) = 3*b(u) + 4*p(u). Give s(t).
-9
Let p(l) = -l**3 - 10*l**2 - 6*l + 14. Let a = -6112 + 6106. Determine p(a).
-94
Let a(x) = 166*x**2 - 88*x + 6. Let i(k) = 30*k**2 - 18*k + 1. Let r(y) = 4*a(y) - 22*i(y). What is r(-11)?
2
Let j(o) = o - 51. Let a(l) = 31*l - 384. Let t be a(13). What is j(t)?
-32
Let l = -45 + 48. Let n(b) = 9*b**2 + l*b + b**3 + 0*b**3 - 1 + 8*b - 2*b. What is n(-8)?
-9
Let u(p) = p**2 - p + 1. Let q(d) = d**3 - 8*d**2 + 16*d - 5. Let i be q(5). Suppose j + 10*j - 44 = i. Let f be -2 - j/((-12)/9). Calculate u(f).
1
Let v(t) = t**2 + 9*t - 14. Let n = 184 + -174. Suppose 4*u + q = -35, 3*q = 2*u + 5*q + n. What is v(u)?
-4
Suppose 13*t + 287 = 118. Let v(p) = p**3 + 12*p**2 + 26*p - 9. Let n(x) = -x**2 - 1. Let k(q) = 3*n(q) - v(q). What is k(t)?
6
Let p(t) = -1 + 5*t**2 - 9*t**2 - t**3 + 23 - 20 + 3*t**2 + t. What is p(-2)?
4
Let x(n) be the third derivative of -n**6/120 - n**5/20 - n**4/8 + 149*n**2 + 7*n. Give x(-3).
9
Suppose 15*w = 10*w + 55. Suppose -273 = 14*u - w*u. Let h = -90 - u. Let d(t) = 5*t + 1. Determine d(h).
6
Let y(z) = 7*z + 295. Let u(j) = -2*j**2 - 102*j - 1257. Let f be u(-32). Calculate y(f).
8
Let l(d) = -47*d**2 + 2*d - 5. Let z(t) = 23*t**2 - t + 2. Let y(h) = -2*l(h) - 5*z(h). Suppose 2*n + 7 = 9*n. What is y(n)?
-20
Let z(c) = -c**3 + 12*c**2 + 4*c + 12. Let l be z(7). Suppose -46 = -2*h + 2*r + 72, 5*h = 3*r + l. Let t(m) = 29 - m + 26 - h. Give t(-3).
4
Let r(o) = -o**3 + 37*o**2 - 69*o - 22. Let x be r(35). Suppose 2*f - x = -39. Let y(a) = -a - 18. Calculate y(f).
-5
Let w(i) = -46*i - 729. Suppose -2378*g - 3344 = -2169*g. Give w(g).
7
Let b(k) = k**2 + 7*k - 5. Let x be b(1). Let i(h) = -6*h + x*h - 1 + 5*h. What is i(-4)?
-9
Let h be 36*((-15)/(-12) - 1). Let c(l) = 3*l**2 - 6*l**2 - h*l + 7*l**2 + l**3 - 7 + l. Give c(-5).
8
Suppose -192*q = -177*q - 30. Let f(a) = a**2 - 6*a + 6*a**3 - 4*a**3 - 1 - 2*a**3 - q*a**3 + 8*a. What is f(2)?
-9
Let f(r) = 26*r**2 - 97*r + 290. Let y(d) = 29*d**2 - 109*d + 326. Let t(a) = 19*f(a) - 17*y(a). Give t(-16).
64
Let r(v) = 9*v + 121. Let o be r(-13). Let m(l) = -5*l**2 + 3*l - 3. Let u(y) = 2*y**2 - y + 1. Let i(w) = o*m(w) + 11*u(w). Determine i(2).
9
Suppose -36*w + 56 = -32*w - 4*o, 2*o = -4. Let q(s) = s**2 - 17*s + 1